pose 0*a = 3*a + 9. Give r(a).
0
Let o(a) = -a**2 - 8*a + 23. Suppose -s + 32 = -3*z, -60*s + 63*s = 3*z + 48. Calculate o(z).
23
Let d(h) = 2*h - 18. Let j(t) = 14*t - 59. Let f be j(7). Suppose 21*k - 1020 = -f*k. What is d(k)?
16
Let o(m) be the first derivative of -5/2*m**2 - 58 + 6*m + 1/4*m**4 + 5/3*m**3. Calculate o(-6).
0
Let u(r) be the second derivative of -r**5/20 - r**4/12 - r**3/6 + 33*r**2/2 - 332*r. Determine u(0).
33
Let k(v) be the first derivative of 3*v**2/2 - 2*v + 1400. Determine k(-3).
-11
Let g(c) = 61. Let s(d) = -d + 154. Let z(b) = -3*g(b) + s(b). Determine z(-7).
-22
Suppose -75 = -11*m - 3*k, -71*k + 73*k + 12 = 3*m. Let b(c) be the first derivative of c**2/2 - 20*c + 3. Determine b(m).
-14
Let u(n) be the third derivative of n**8/20160 - n**7/630 - n**6/240 + n**5/30 - 49*n**4/24 + 13*n**2. Let c(f) be the third derivative of u(f). Give c(6).
-15
Suppose 2*u = 47 - 35. Let o(f) = 21*f - 10*f - u - 9*f + 0*f**2 - 8*f + f**2. Calculate o(7).
1
Let t(o) = 2*o**3 - 26*o**2 - o + 4. Suppose 0 = -74*w + 664 + 385 - 87. What is t(w)?
-9
Let m(r) = r**3 + 2*r**2 - r - 2. Let o be m(-2). Let g be -30 - (3 + -3 - o). Let i = -35 - g. Let v(z) = -z**3 - 5*z**2 - z + 4. Calculate v(i).
9
Let x be 1 - (112/(-84) - 1/(-3)). Let f(k) = -x*k + 5*k**2 + 14*k**2 + 8*k**2 - 1 - 19*k**2. What is f(-1)?
9
Let a be 10/4*630/525. Let r(g) = -2*g**2 + 2*g - 9. Calculate r(a).
-21
Suppose 243 = 23*p - 585. Let g(v) = p*v**2 - 4 - v**3 - 9*v - 15*v**2 - 28*v**2. What is g(-7)?
59
Let h(d) = -3*d - 160. Let x be h(-57). Let a(o) = o - 9. Give a(x).
2
Let m be (-1 + 5)*(-2)/(-4). Let q(a) = 389 + 4*a**m - 389. Calculate q(1).
4
Let m = 778 + -798. Let x be ((-70)/(-40))/(5/m). Let t(w) = 3*w**2 + 4*w - 5. Let h(n) = -10*n**2 - 11*n + 15. Let o(c) = 2*h(c) + 7*t(c). What is o(x)?
2
Let f(k) = 7*k + 13*k + 8*k - 2*k - 28 - 24*k. Give f(12).
-4
Let t(g) = 2*g + 181*g**2 + 182*g**2 - 558*g**2 + 187*g**2. Give t(1).
-6
Let u be ((-20960)/(-12))/4*(-6)/(-4). Suppose 2*g - u = 7*g. Let o = 136 + g. Let h(q) = q**3 - 5*q**2 + 6*q - 3. Give h(o).
27
Let o(m) = -m**3 + 3*m**2 + 4*m - 5. Let k be o(3). Let d(r) = 2*r**3 - 12*r**2 - 8*r - 15. Calculate d(k).
27
Let k(g) be the first derivative of g**4/4 + 2*g**3/3 + g**2/2 + 3*g + 2. Let v = 135 - 246. Let w = v + 108. Give k(w).
-9
Let v(p) = 2*p + 1. Let t(r) = -r + 2. Let n(j) = -1. Let w(g) = 2*n(g) + t(g). Let k(s) = 2*v(s) + 3*w(s). Let y be -3 + (3/(-3))/(9/(-63)). Calculate k(y).
6
Let i(a) = -2*a**3 + 31*a**2 - 7*a - 127. Suppose 0 = -5*s + 36*g + 111, -2*g = -5*s + 2*g + 79. Determine i(s).
-7
Let h(v) = 2*v**2 - 6*v + 2. Suppose q - 3 = -f + 3, f = q + 4. Suppose -18*z + 21*z = 2*y - 4, 0 = 2*y - f*z. What is h(y)?
22
Suppose 0 = 5*z + 2*o - 0*o + 55, -3*z + 5*o = 64. Let m(y) be the second derivative of y**3/3 + 5*y**2/2 - 45794*y + 1. Give m(z).
-21
Let s(w) = -12*w**2 + 847*w + 360. Let r be s(71). Let d(q) = q**3 - 7*q**2 - 3*q + 11. Let i(m) = -m + 1. Let o(p) = d(p) - 5*i(p). Determine o(r).
-34
Suppose 11*i = -4*g + 6*i - 41, -i - 28 = 3*g. Let k(c) = c**2 + 13*c + 38. Give k(g).
2
Let p be ((-112)/77)/(-8) - (553/77 - 8). Let c(b) = 22*b**3 - 3*b**2 + 5*b - 2. Determine c(p).
22
Let j(c) = -4 + 10*c + 46*c**2 - 196*c**2 + 47*c**2 + 48*c**2 + 56*c**2. Calculate j(-11).
7
Let z(m) = -13*m - 231. Let b be z(-12). Let v be 4/(-30) - (460/b - -8). Let n(g) = -17*g + 4. Give n(v).
38
Let i(y) be the second derivative of y**3 + 111*y**2/2 + 40*y - 43. Calculate i(-18).
3
Let i(d) be the third derivative of 7/60*d**5 + 4*d**2 + 6 - 1/12*d**4 - 1/120*d**6 + 0*d + 7/6*d**3. Calculate i(6).
31
Suppose 3*x - 5*m = 216, 73*x - 68*x - 323 = -4*m. Let g be -142*(-1 + (-3)/(-2)). Let j = g + x. Let k(t) = t - 4. Give k(j).
-8
Let m(v) be the third derivative of 0 + 147*v**2 + 0*v - 2*v**3 + 11/24*v**4 + 1/60*v**5. Calculate m(-11).
-12
Let q(t) be the first derivative of -t**4/4 + 8*t**3/3 + t**2 - 8*t + 2699. Give q(8).
8
Let i(p) be the second derivative of p**3/3 - p**2 + 2*p. Suppose 6 = 2*l, 463*l = 4*x + 466*l + 3. Determine i(x).
-8
Let w(n) be the third derivative of 0 + 39*n**2 - 7/3*n**3 + 1/24*n**4 + 0*n. Give w(18).
4
Let y be 2/4*(-10 + 10). Suppose y = l - 2*l + 3. Let s(a) = -2 - a**2 - 1 + 2*a**2 + l*a. What is s(-3)?
-3
Let m(z) = 64*z**3 + 5*z**2 - 3. Let k be m(2). Suppose -2*n + 533 - k = 0. Let p(v) = -v**3 - v**2 + 3*v - 2. What is p(n)?
-8
Let h(s) = 44*s + 1112. Let n(j) = 9*j + 206. Let d(r) = -6*h(r) + 33*n(r). Give d(-4).
-6
Let s(y) = y**3 - 8. Let r = 11 + 7. Suppose -59 - r = 11*z. Let t = z + 7. Give s(t).
-8
Let k(w) be the third derivative of w**4/8 + w**3/6 - 2*w**2 - 809. Determine k(-14).
-41
Let i(z) = -z**2 - 14*z + 34. Suppose 0 = -18*c - 5*c - 180 - 188. Determine i(c).
2
Let m(r) = -5*r - r - 6*r - 8 + 37 - 43. What is m(-7)?
70
Suppose 18*c - 6 = 17*c. Let j(o) = 10*o - 12*o**2 - 9*o - 8*o**2 + 6*o - 8 + 19*o**2. What is j(c)?
-2
Let u(s) = s. Suppose 41*h + 240 = 26*h. Let r be (-1)/(-4)*-1*(-4 + h). Determine u(r).
5
Let a = 131672 - 131685. Let p(g) be the second derivative of -g**3/6 - 19*g**2/2 - g. Calculate p(a).
-6
Let m(y) = 3*y**3 - 8*y**2 + 14*y + 7. Let b(h) = h**3 - 4*h**2 + 7*h + 3. Let i(s) = -5*b(s) + 2*m(s). Suppose 113*c - 109*c = 14 - 34. Give i(c).
9
Let m(a) = 36*a**2 + 6*a + 1. Let r(c) = -13*c**2 - 2*c. Let q = -517 + 506. Let s(z) = q*r(z) - 4*m(z). Calculate s(-4).
-12
Suppose 0 = -o - 4*o - 2*x + 16, -o - 10 = -4*x. Suppose 5 = o*y + 1. Let k(g) = -5*g**3 + 2*g**2 + 2*g**3 + g**2 + 1 + y*g**3. What is k(4)?
-15
Let d be (-6 - 2)/(-4 - -2). Let w(b) = 20 + 2*b**2 - d*b + 15 - 32. Let n be 0 - ((-3)/3 - 3). Determine w(n).
19
Suppose -48*v + 115 - 763 - 24 = 0. Let z(i) = 7*i + 74. Calculate z(v).
-24
Suppose 0 = 4*h - 2*c - 24, 4*c - 2 - 6 = 0. Let k(t) = -h*t**2 + 4*t**3 - 12 + 5 - 5*t**3 + 6 - 8*t. Determine k(-6).
11
Let h(k) = -1245*k - 1249*k - 1252*k + 24 + 3741*k. Suppose -s - 4 + 11 = 0. Calculate h(s).
-11
Suppose 2*o - b = 2*b - 1, 2*o - 2*b = 4. Let x(g) = -g + 7*g + g**2 + 0*g + 7 - 16*g. What is x(o)?
-14
Let b be ((-782)/17 + -14)/(-6). Let t(u) = -u**3 + u + 1 + 2*u**3 - 9*u**2 - 7*u - 4*u. What is t(b)?
1
Let x be (1 - -3)*6/(-8). Let c(h) be the third derivative of h**4/24 + 2*h**3 - h**2 - 19*h. Let m be c(x). Let k(a) = -a**2 + 9*a - 6. What is k(m)?
-6
Let y(l) = -6 - 10*l**2 - 10 + 3*l**3 + 2*l**3 - 6*l**3 + 57 + 27*l. Give y(-12).
5
Let z(i) be the third derivative of i**5/10 - i**4/6 + i**3/2 - 3*i**2 - 394*i. Give z(3).
45
Let i(n) = n**3 + 9*n**2 - 18*n + 13. Let p be ((-8)/32)/(3/132)*1. What is i(p)?
-31
Let z = -505 - -497. Let c(u) = -5*u - 43. Calculate c(z).
-3
Let u(t) = -7 + 540*t + 6 - 541*t + 5 + 1. Let r be 1/4 + 38/8. What is u(r)?
0
Let p(k) = -k - k**3 + 5 - 2*k + 4*k - 5*k + 5*k**2. Let m be p(4). Let d(h) = 6*h**3 - h + m*h + 2*h**2 - 3*h. Give d(-1).
-5
Let k(f) be the second derivative of -f**5/10 + f**4/6 + f**3/3 + 2*f**2 - f - 27. Calculate k(3).
-26
Let z be ((-49)/(2401/84))/(2/7) + -2. Let k(g) be the second derivative of -g**4/12 - 3*g**3/2 - 5*g**2 + g. Determine k(z).
-2
Let i be 2/4*6 - 154/(286/(-13)). Let u(z) = -2*z**2 + 18*z - 14. Give u(i).
-34
Let l(p) = -2*p - 5. Suppose 13*a = a + 48. Let v be ((-178)/a)/(4 + 7/(-2)). Let i = -93 - v. Give l(i).
3
Let n(y) = -15*y**2 - 7*y - 3. Let c(p) = 2 - 13*p**2 - 2*p + 21*p**2 + 6*p. Let m(l) = 5*c(l) + 3*n(l). Calculate m(-2).
-17
Let o(v) = -v**2 - 2*v - 1. Let t(g) = -g**3 + 30*g**2 + 29*g + 61. Let i be t(31). What is o(i)?
0
Let k(d) = d - 3. Let o(t) = -5*t + 16. Let u(v) = -11*k(v) - 2*o(v). Let r(n) = 335*n**2 - 338*n**2 + 3*n + 3 - 5*n. Let j be r(-2). Calculate u(j).
6
Let a(h) = 5*h**2 + 7*h - 138*h**3 - 92*h**3 + 6 + 231*h**3. What is a(-4)?
-6
Let r(d) be the second derivative of -d**5/120 + 11*d**4/24 - d**3/6 - 3*d**2/2 + 60*d. Let m(h) be the second derivative of r(h). Determine m(9).
2
Let o(z) be the first derivative of -z**4/4 + 2*z**3/3 - z**2/2 - 2*z - 1032. Calculate o(0).
-2
Let g(f) = 7*f + 17. Let w(b) = b**3 + 3*b**2 + 38*b + 236. Let d be w(-5). What is g(d)?
-11
Let r(s) = s**3 + 14*s**2 - 30*s + 28. Let k be 12/(-1 + -2)*4. Calculate r(k).
-4
Suppose -60*n - 6*v = -65*n - 99, 4*v + 105 = -3*n. Let y(h) 